{"id":33,"date":"2020-12-20T15:15:47","date_gmt":"2020-12-20T15:15:47","guid":{"rendered":"https:\/\/partycaravan.be\/index.php\/contact\/"},"modified":"2026-03-03T18:07:16","modified_gmt":"2026-03-03T18:07:16","slug":"partycaravans","status":"publish","type":"page","link":"https:\/\/partycaravan.be\/","title":{"rendered":"Partycaravans"},"content":{"rendered":"\n<p><strong>Partybar &#8211; Disco Caravan &#8211; Ch\u00e2teau caravan<\/strong><\/p>\n\n\n\n<p class=\"has-text-align-center content__info\">Gratis levering binnen een straal van 10 km. <a href=\"#levering\">Meer info<\/a><\/p>\n\n\n\n<h2 class=\"wp-block-heading\">Partybar<\/h2>\n\n\n\n<p>Onze <strong>mobiele bar<\/strong> is volledig uitgerust en praktisch ingericht voor elk type evenement.<\/p>\n\n\n\n<p>De bar beschikt over:<br>\ud83c\udf7a een frigo met schuifdeuren<br>\ud83e\uddca een ijsblokmachine<br>\ud83d\udeb0 een wasbak met warm en koud water<br>\ud83d\udce6 voldoende opslagruimte<br>\ud83c\udf7b een tapinstallatie voor twee verschillende bieren of cocktails<\/p>\n\n\n\n<p>Je kan de mobiele bar <strong>leeg huren<\/strong>, volledig vrij in te vullen naar eigen wens.<br>Daarnaast bieden we ook <strong>all-in formules op aanvraag<\/strong>.<\/p>\n\n\n\n<p>De bar is voorzien van een aansluiting voor een mengpaneel en biedt de mogelijkheid om extern een luidspreker te bevestigen \u2014 ideaal voor extra sfeer tijdens je event.<\/p>\n\n\n\n<p>Bekijk ook zeker onze opties bij het tabblad<a href=\"https:\/\/partycaravan.be\/index.php\/karaoke-at-home#karaokeset\"> Karaoke en opties.<\/a><\/p>\n\n\n\n<p>Bekijk onze prijzen:<\/p>\n\n\n\n<figure class=\"wp-block-table\"><table><tbody><tr><td class=\"has-text-align-center\" data-align=\"center\">Prijs<\/td><td class=\"has-text-align-center\" data-align=\"center\">\u20ac300<\/td><\/tr><\/tbody><\/table><figcaption class=\"wp-element-caption\">\u20ac150 waarborg<\/figcaption><\/figure>\n\n\n\n\n\n\n\n<p><\/p>\n\n\n\n<p><\/p>\n\n\n\n<h2 class=\"wp-block-heading\">Ch\u00e2teau Caravan<\/h2>\n\n\n\n<div class=\"wp-block-group content__text\"><div class=\"wp-block-group__inner-container is-layout-flow wp-block-group-is-layout-flow\">\n<p>Welkom in de Ch\u00e2teau Caravan! Dit is een super leuke speelcaravan voor kinderen tussen 4 en 12 jaar oud. De Ch\u00e2teau is ingericht met een troon, een prinsessenhoek en een ridderhoek. Kinderen kunnen zich volledig uitleven door gebruik te maken van <strong>verkleedkledij<\/strong>, tal van <strong>accessoires<\/strong>, <strong>boekjes<\/strong>&#8230; De caravan is geschikt voor een tiental kinderen.<\/p>\n\n\n\n<p>Afmetingen: Breedte 2.15m &#8211; Lengte 5.10m &#8211; Hoogte 2.55m<\/p>\n\n\n\n<p>Bekijk onze prijzen exclusief kilometervergoeding:<\/p>\n<\/div><\/div>\n\n\n\n<figure class=\"wp-block-table\"><table><tbody><tr><td class=\"has-text-align-center\" data-align=\"center\">1 dag (12u)<\/td><td class=\"has-text-align-center\" data-align=\"center\">Weekend \/ 2 dagen<\/td><td class=\"has-text-align-center\" data-align=\"center\">Week (ma-vr)<\/td><\/tr><tr><td class=\"has-text-align-center\" data-align=\"center\">\u20ac195,00<\/td><td class=\"has-text-align-center\" data-align=\"center\">\u20ac260,00<\/td><td class=\"has-text-align-center\" data-align=\"center\">\u20ac495,00<\/td><\/tr><\/tbody><\/table><figcaption class=\"wp-element-caption\">\u20ac150 waarborg<\/figcaption><\/figure>\n\n\n\n<figure class=\"wp-block-table\"><table><tbody><tr><td>Animatie voor kinderen door Partycaravan<\/td><td class=\"has-text-align-center\" data-align=\"center\">\u20ac45\/u<\/td><\/tr><\/tbody><\/table><\/figure>\n\n\n\n\n\n\n\n<p><\/p>\n\n\n\n<p><\/p>\n\n\n\n<h2 class=\"wp-block-heading\">Disco Caravan<\/h2>\n\n\n\n<div class=\"wp-block-group content__text\"><div class=\"wp-block-group__inner-container is-layout-flow wp-block-group-is-layout-flow\">\n<p>De Disco Caravan is er eentje voor alle leeftijden. De Disco bevat <strong>verkleedkledij<\/strong>, <strong>accessoires<\/strong>, <strong>disco-verlichting en een DJ booth met microfoon<\/strong> waarbij je zelf de muziek kan kiezen. Alles wat je nodig hebt om een party te geven! Voor de ijsberen onder ons is er in de disco caravan een verwarming voorzien. <a href=\"#caravankaraoke\">OPTIE<\/a>: Disco Karaoke met meer dan 1900 liedjes.<\/p>\n\n\n\n<p>Afmetingen: Breedte 2.15m &#8211; Lengte 5.10m &#8211; Hoogte 2.55m<\/p>\n<\/div><\/div>\n\n\n\n<p>Bekijk onze prijzen:<\/p>\n\n\n\n<figure class=\"wp-block-table\"><table><tbody><tr><td class=\"has-text-align-center\" data-align=\"center\">1 dag (12u)<\/td><td class=\"has-text-align-center\" data-align=\"center\">Weekend \/ 2 dagen<\/td><td class=\"has-text-align-center\" data-align=\"center\">Week (ma-vr)<\/td><\/tr><tr><td class=\"has-text-align-center\" data-align=\"center\">\u20ac205,00<\/td><td class=\"has-text-align-center\" data-align=\"center\">\u20ac270,00<\/td><td class=\"has-text-align-center\" data-align=\"center\">\u20ac505,00<\/td><\/tr><\/tbody><\/table><figcaption class=\"wp-element-caption\">\u20ac150 waarborg<\/figcaption><\/figure>\n\n\n\n<figure class=\"wp-block-table\"><table><tbody><tr><td>Animatie voor kinderen door Partycaravan<\/td><td class=\"has-text-align-center\" data-align=\"center\">\u20ac45\/u<\/td><\/tr><\/tbody><\/table><\/figure>\n\n\n\n\n\n\n\n<h2 class=\"wp-block-heading\" id=\"caravankaraoke\">Disco Karaoke <\/h2>\n\n\n\n<div class=\"wp-block-group content__text\"><div class=\"wp-block-group__inner-container is-layout-flow wp-block-group-is-layout-flow\">\n<p>De Disco Caravan met karaoke set is geschikt voor alle leeftijden. De set bevat meer dan 1900 liedjes. De caravan bevat verkleedkledij voor jong en oud. Ook is er <strong>verlichting<\/strong>, <strong>een volledig ingerichte karaoke set met 2 micro\u2019s, songteksten op een scherm en zo veel meer<\/strong>.<\/p>\n<\/div><\/div>\n\n\n\n<p>Bekijk onze prijzen:<\/p>\n\n\n\n<figure class=\"wp-block-table\"><table><tbody><tr><td class=\"has-text-align-center\" data-align=\"center\">1 dag (12u)<\/td><td class=\"has-text-align-center\" data-align=\"center\">Weekend \/ 2 dagen<\/td><td class=\"has-text-align-center\" data-align=\"center\">Week (ma-vr)<\/td><\/tr><tr><td class=\"has-text-align-center\" data-align=\"center\">\u20ac250,00<\/td><td class=\"has-text-align-center\" data-align=\"center\">\u20ac330,00<\/td><td class=\"has-text-align-center\" data-align=\"center\">\u20ac565,00<\/td><\/tr><\/tbody><\/table><figcaption class=\"wp-element-caption\">\u20ac150 waarborg<\/figcaption><\/figure>\n\n\n\n<figure class=\"wp-block-table\"><table><tbody><tr><td>Animatie voor kinderen door Partycaravan<\/td><td class=\"has-text-align-center\" data-align=\"center\">\u20ac45\/u<\/td><\/tr><\/tbody><\/table><\/figure>\n\n\n\n<p class=\"content__text\">Zien jullie dit alles toch een klein beetje groter? <a href=\"https:\/\/partycaravan.be\/index.php\/karaoke-at-home#karaokeset\">Huur onze karaoke set<\/a> voor buiten: Tv-scherm, boxen, partytent, stoeltjes en een podium. Alle <a href=\"https:\/\/partycaravan.be\/index.php\/karaoke-at-home\/\" data-type=\"URL\" data-id=\"https:\/\/partycaravan.be\/index.php\/karaoke-at-home\/\">opties<\/a> zijn ook afzonderlijk bij te huren. <\/p>\n\n\n\n<p><em>Bij deze caravan is toezicht van een volwassene <strong>verplicht<\/strong>.<\/em><\/p>\n\n\n\n<h2 class=\"wp-block-heading\"><\/h2>\n\n\n\n<p><\/p>\n\n\n\n<h2 class=\"wp-block-heading\" id=\"levering\">Levering Partycaravans<\/h2>\n\n\n\n<p class=\"content__text\">Wij werken met een gratis levering binnen een straal van 10km vanaf<br>het adres <strong>Rozebeeksestraat 54, 8860 Lendelede<\/strong>.<\/p>\n\n\n\n<p>Bekijk onze prijzen:<\/p>\n\n\n\n<figure class=\"wp-block-table\"><table><tbody><tr><td>0 &#8211; 10 km<\/td><td>GRATIS<\/td><\/tr><tr><td>11 &#8211; 25 km<\/td><td>\u20ac3 per km <em>(heen en terug)<\/em><\/td><\/tr><tr><td>25 km +<\/td><td>\u20ac 4 per km <em>(heen en terug)<\/em><\/td><\/tr><\/tbody><\/table><\/figure>\n\n\n\n<p><\/p>\n","protected":false},"excerpt":{"rendered":"<p>Partybar &#8211; Disco Caravan &#8211; Ch\u00e2teau caravan Gratis levering binnen een straal van 10 km. Meer info Partybar Onze mobiele bar is volledig uitgerust en praktisch ingericht voor elk type evenement. De bar beschikt over:\ud83c\udf7a een frigo met schuifdeuren\ud83e\uddca een ijsblokmachine\ud83d\udeb0 een wasbak met warm en koud water\ud83d\udce6 voldoende opslagruimte\ud83c\udf7b een tapinstallatie voor twee verschillende bieren of cocktails Je kan de mobiele bar leeg huren, volledig vrij in te vullen naar eigen wens.Daarnaast bieden we ook all-in formules op aanvraag. De bar is voorzien van een aansluiting voor een mengpaneel en biedt de mogelijkheid om extern een luidspreker te bevestigen \u2014 ideaal voor extra sfeer tijdens je event. Bekijk ook zeker onze opties bij het tabblad Karaoke en opties. Bekijk onze prijzen: Prijs \u20ac300 \u20ac150 waarborg Ch\u00e2teau Caravan Welkom in de Ch\u00e2teau Caravan! Dit is een super leuke speelcaravan voor kinderen tussen 4 en 12 jaar oud. De Ch\u00e2teau is ingericht met een troon, een prinsessenhoek en een ridderhoek. Kinderen kunnen zich volledig uitleven door gebruik te maken van verkleedkledij, tal van accessoires, boekjes&#8230; De caravan is geschikt voor een tiental kinderen. Afmetingen: Breedte 2.15m &#8211; Lengte 5.10m &#8211; Hoogte 2.55m Bekijk onze prijzen exclusief kilometervergoeding: 1 dag (12u) Weekend \/ 2 dagen Week (ma-vr) \u20ac195,00 \u20ac260,00 \u20ac495,00 \u20ac150 waarborg Animatie voor kinderen door Partycaravan \u20ac45\/u Disco Caravan De Disco Caravan is er eentje voor alle leeftijden. De Disco bevat verkleedkledij, accessoires, disco-verlichting en een DJ booth met microfoon waarbij je zelf de muziek kan kiezen. Alles wat je nodig hebt om een party te geven! Voor de ijsberen onder ons is er in de disco caravan een verwarming voorzien. OPTIE: Disco Karaoke met meer dan 1900 liedjes. Afmetingen: Breedte 2.15m &#8211; Lengte 5.10m &#8211; Hoogte 2.55m Bekijk onze prijzen: 1 dag (12u) Weekend \/ 2 dagen Week (ma-vr) \u20ac205,00 \u20ac270,00 \u20ac505,00 \u20ac150 waarborg Animatie voor kinderen door Partycaravan \u20ac45\/u Disco Karaoke De Disco Caravan met karaoke set is geschikt voor alle leeftijden. De set bevat meer dan 1900 liedjes. De caravan bevat verkleedkledij voor jong en oud. Ook is er verlichting, een volledig ingerichte karaoke set met 2 micro\u2019s, songteksten op een scherm en zo veel meer. Bekijk onze prijzen: 1 dag (12u) Weekend \/ 2 dagen Week (ma-vr) \u20ac250,00 \u20ac330,00 \u20ac565,00 \u20ac150 waarborg Animatie voor kinderen door Partycaravan \u20ac45\/u Zien jullie dit alles toch een klein beetje groter? Huur onze karaoke set voor buiten: Tv-scherm, boxen, partytent, stoeltjes en een podium. Alle opties zijn ook afzonderlijk bij te huren. Bij deze caravan is toezicht van een volwassene verplicht. Levering Partycaravans Wij werken met een gratis levering binnen een straal van 10km vanafhet adres Rozebeeksestraat 54, 8860 Lendelede. Bekijk onze prijzen: 0 &#8211; 10 km GRATIS 11 &#8211; 25 km \u20ac3 per km (heen en terug) 25 km + \u20ac 4 per km (heen en terug)<\/p>\n","protected":false},"author":1,"featured_media":0,"parent":0,"menu_order":0,"comment_status":"closed","ping_status":"closed","template":"","meta":{"footnotes":""},"yoast_head":"<!-- This site is optimized with the Yoast SEO plugin v22.8 - https:\/\/yoast.com\/wordpress\/plugins\/seo\/ -->\n<title>Partycaravans - Partycaravan<\/title>\n<meta name=\"description\" content=\"Op zoek naar originele Kinderanimatie? Partycaravan verhuurt een Disco caravan en een Ch\u00e2teau caravan. Ook voor de volwassenen is er voor elk wat wils.\" \/>\n<meta name=\"robots\" content=\"index, follow, max-snippet:-1, max-image-preview:large, max-video-preview:-1\" \/>\n<link rel=\"canonical\" href=\"https:\/\/partycaravan.be\/\" \/>\n<meta property=\"og:locale\" content=\"nl_BE\" \/>\n<meta property=\"og:type\" content=\"article\" \/>\n<meta property=\"og:title\" content=\"Partycaravans - Partycaravan\" \/>\n<meta property=\"og:description\" content=\"Op zoek naar originele Kinderanimatie? Partycaravan verhuurt een Disco caravan en een Ch\u00e2teau caravan. Ook voor de volwassenen is er voor elk wat wils.\" \/>\n<meta property=\"og:url\" content=\"https:\/\/partycaravan.be\/\" \/>\n<meta property=\"og:site_name\" content=\"Partycaravan\" \/>\n<meta property=\"article:modified_time\" content=\"2026-03-03T18:07:16+00:00\" \/>\n<meta name=\"twitter:card\" content=\"summary_large_image\" \/>\n<meta name=\"twitter:label1\" content=\"Geschatte leestijd\" \/>\n\t<meta name=\"twitter:data1\" content=\"3 minuten\" \/>\n<script type=\"application\/ld+json\" class=\"yoast-schema-graph\">{\"@context\":\"https:\/\/schema.org\",\"@graph\":[{\"@type\":\"WebPage\",\"@id\":\"https:\/\/partycaravan.be\/\",\"url\":\"https:\/\/partycaravan.be\/\",\"name\":\"Partycaravans - Partycaravan\",\"isPartOf\":{\"@id\":\"https:\/\/partycaravan.be\/#website\"},\"datePublished\":\"2020-12-20T15:15:47+00:00\",\"dateModified\":\"2026-03-03T18:07:16+00:00\",\"description\":\"Op zoek naar originele Kinderanimatie? Partycaravan verhuurt een Disco caravan en een Ch\u00e2teau caravan. Ook voor de volwassenen is er voor elk wat wils.\",\"breadcrumb\":{\"@id\":\"https:\/\/partycaravan.be\/#breadcrumb\"},\"inLanguage\":\"nl-BE\",\"potentialAction\":[{\"@type\":\"ReadAction\",\"target\":[\"https:\/\/partycaravan.be\/\"]}]},{\"@type\":\"BreadcrumbList\",\"@id\":\"https:\/\/partycaravan.be\/#breadcrumb\",\"itemListElement\":[{\"@type\":\"ListItem\",\"position\":1,\"name\":\"Home\",\"item\":\"https:\/\/partycaravan.be\/\"},{\"@type\":\"ListItem\",\"position\":2,\"name\":\"Partycaravans\"}]},{\"@type\":\"WebSite\",\"@id\":\"https:\/\/partycaravan.be\/#website\",\"url\":\"https:\/\/partycaravan.be\/\",\"name\":\"Partycaravan\",\"description\":\"\",\"potentialAction\":[{\"@type\":\"SearchAction\",\"target\":{\"@type\":\"EntryPoint\",\"urlTemplate\":\"https:\/\/partycaravan.be\/?s={search_term_string}\"},\"query-input\":\"required name=search_term_string\"}],\"inLanguage\":\"nl-BE\"}]}<\/script>\n<!-- \/ Yoast SEO plugin. -->","yoast_head_json":{"title":"Partycaravans - Partycaravan","description":"Op zoek naar originele Kinderanimatie? Partycaravan verhuurt een Disco caravan en een Ch\u00e2teau caravan. Ook voor de volwassenen is er voor elk wat wils.","robots":{"index":"index","follow":"follow","max-snippet":"max-snippet:-1","max-image-preview":"max-image-preview:large","max-video-preview":"max-video-preview:-1"},"canonical":"https:\/\/partycaravan.be\/","og_locale":"nl_BE","og_type":"article","og_title":"Partycaravans - Partycaravan","og_description":"Op zoek naar originele Kinderanimatie? Partycaravan verhuurt een Disco caravan en een Ch\u00e2teau caravan. Ook voor de volwassenen is er voor elk wat wils.","og_url":"https:\/\/partycaravan.be\/","og_site_name":"Partycaravan","article_modified_time":"2026-03-03T18:07:16+00:00","twitter_card":"summary_large_image","twitter_misc":{"Geschatte leestijd":"3 minuten"},"schema":{"@context":"https:\/\/schema.org","@graph":[{"@type":"WebPage","@id":"https:\/\/partycaravan.be\/","url":"https:\/\/partycaravan.be\/","name":"Partycaravans - Partycaravan","isPartOf":{"@id":"https:\/\/partycaravan.be\/#website"},"datePublished":"2020-12-20T15:15:47+00:00","dateModified":"2026-03-03T18:07:16+00:00","description":"Op zoek naar originele Kinderanimatie? Partycaravan verhuurt een Disco caravan en een Ch\u00e2teau caravan. Ook voor de volwassenen is er voor elk wat wils.","breadcrumb":{"@id":"https:\/\/partycaravan.be\/#breadcrumb"},"inLanguage":"nl-BE","potentialAction":[{"@type":"ReadAction","target":["https:\/\/partycaravan.be\/"]}]},{"@type":"BreadcrumbList","@id":"https:\/\/partycaravan.be\/#breadcrumb","itemListElement":[{"@type":"ListItem","position":1,"name":"Home","item":"https:\/\/partycaravan.be\/"},{"@type":"ListItem","position":2,"name":"Partycaravans"}]},{"@type":"WebSite","@id":"https:\/\/partycaravan.be\/#website","url":"https:\/\/partycaravan.be\/","name":"Partycaravan","description":"","potentialAction":[{"@type":"SearchAction","target":{"@type":"EntryPoint","urlTemplate":"https:\/\/partycaravan.be\/?s={search_term_string}"},"query-input":"required name=search_term_string"}],"inLanguage":"nl-BE"}]}},"_links":{"self":[{"href":"https:\/\/partycaravan.be\/index.php\/wp-json\/wp\/v2\/pages\/33"}],"collection":[{"href":"https:\/\/partycaravan.be\/index.php\/wp-json\/wp\/v2\/pages"}],"about":[{"href":"https:\/\/partycaravan.be\/index.php\/wp-json\/wp\/v2\/types\/page"}],"author":[{"embeddable":true,"href":"https:\/\/partycaravan.be\/index.php\/wp-json\/wp\/v2\/users\/1"}],"replies":[{"embeddable":true,"href":"https:\/\/partycaravan.be\/index.php\/wp-json\/wp\/v2\/comments?post=33"}],"version-history":[{"count":137,"href":"https:\/\/partycaravan.be\/index.php\/wp-json\/wp\/v2\/pages\/33\/revisions"}],"predecessor-version":[{"id":992,"href":"https:\/\/partycaravan.be\/index.php\/wp-json\/wp\/v2\/pages\/33\/revisions\/992"}],"wp:attachment":[{"href":"https:\/\/partycaravan.be\/index.php\/wp-json\/wp\/v2\/media?parent=33"}],"curies":[{"name":"wp","href":"https:\/\/api.w.org\/{rel}","templated":true}]}}